{"id":95,"date":"2014-09-16T13:18:23","date_gmt":"2014-09-16T11:18:23","guid":{"rendered":"http:\/\/www.prohart.at\/wordpress\/?page_id=95"},"modified":"2024-11-19T12:27:13","modified_gmt":"2024-11-19T10:27:13","slug":"videographie","status":"publish","type":"page","link":"https:\/\/www.prohart.at\/index.php\/videographie\/","title":{"rendered":"Videography"},"content":{"rendered":"<div id=\"bccGFIRTT3\" data-borlabs-cookie-blocked-content><div class=\"borlabs-cookie-bct bc-bct-video bc-bct-vimeo\"> <p class=\"bc-thumbnail\"><img src=\"https:\/\/www.prohart.at\/wp-content\/plugins\/borlabs-cookie\/images\/bct-no-thumbnail.png\" alt=\"Vimeo\"><\/p> <div class=\"bc-text\"> <p>Zum Schutz Ihrer pers\u00f6nlichen Daten ist die Verbindung zu Vimeo blockiert worden.<br>Klicken Sie auf <strong>Video laden<\/strong>, um die Blockierung zu Vimeo aufzuheben.<br>Durch das Laden des Videos akzeptieren Sie die Datenschutzbestimmungen von Vimeo.<br>Mehr Informationen zum Datenschutz von Vimeo finden Sie hier <a href=\"https:\/\/vimeo.com\/privacy\" target=\"_blank\" rel=\"nofollow\">Vimeo.com Datenschutzerkl\u00e4rung<\/a>.<\/p> <p><label><input type=\"checkbox\" name=\"unblockAll\" value=\"1\" checked> Vimeo Videos zuk\u00fcnftig nicht mehr blockieren.<\/label> <a role=\"button\" data-borlabs-cookie-unblock>Video laden<\/a><\/p> <\/div> <\/div><\/div><br \/>\n<div id=\"bccvUQZa2r\" data-borlabs-cookie-blocked-content><div class=\"borlabs-cookie-bct bc-bct-video bc-bct-vimeo\"> <p class=\"bc-thumbnail\"><img src=\"https:\/\/www.prohart.at\/wp-content\/plugins\/borlabs-cookie\/images\/bct-no-thumbnail.png\" alt=\"Vimeo\"><\/p> <div class=\"bc-text\"> <p>Zum Schutz Ihrer pers\u00f6nlichen Daten ist die Verbindung zu Vimeo blockiert worden.<br>Klicken Sie auf <strong>Video laden<\/strong>, um die Blockierung zu Vimeo aufzuheben.<br>Durch das Laden des Videos akzeptieren Sie die Datenschutzbestimmungen von Vimeo.<br>Mehr Informationen zum Datenschutz von Vimeo finden Sie hier <a href=\"https:\/\/vimeo.com\/privacy\" target=\"_blank\" rel=\"nofollow\">Vimeo.com Datenschutzerkl\u00e4rung<\/a>.<\/p> <p><label><input type=\"checkbox\" name=\"unblockAll\" value=\"1\" checked> Vimeo Videos zuk\u00fcnftig nicht mehr blockieren.<\/label> <a role=\"button\" data-borlabs-cookie-unblock>Video laden<\/a><\/p> <\/div> <\/div><\/div>\n<h2>ICH M\u00d6CHTE FILME MACHEN MIT BILDERN, DIE MAN NIE MEHR VERGISST! <strong><span style=\"font-size: 10pt;\">Kevin Costner<\/span><\/strong><\/h2>\n<div id=\"bcS60mzExJ\" data-borlabs-cookie-blocked-content><div class=\"borlabs-cookie-bct bc-bct-video bc-bct-youtube\"> <p class=\"bc-thumbnail\"><img src=\"https:\/\/www.prohart.at\/wp-content\/plugins\/borlabs-cookie\/images\/bct-no-thumbnail.png\" alt=\"YouTube\"><\/p> <div class=\"bc-text\"> <p>Zum Schutz Ihrer pers\u00f6nlichen Daten ist die Verbindung zu YouTube blockiert worden.<br>Klicken Sie auf <strong>Video laden<\/strong>, um die Blockierung zu YouTube aufzuheben.<br>Durch das Laden des Videos akzeptieren Sie die Datenschutzbestimmungen von YouTube.<br>Mehr Informationen zum Datenschutz von YouTube finden Sie hier <a href=\"https:\/\/policies.google.com\/privacy?hl=de&amp;gl=de\" target=\"_blank\">Google - Datenschutzerkl\u00e4rung &amp; Nutzungsbedingungen<\/a>.<\/p> <p><label><input type=\"checkbox\" name=\"unblockAll\" value=\"1\" checked> YouTube Videos zuk\u00fcnftig nicht mehr blockieren.<\/label> <a role=\"button\" data-borlabs-cookie-unblock>Video laden<\/a><\/p> <\/div> <\/div><\/div>\n<p><span style=\"font-size: 8pt;\"><strong>Kamera:<\/strong> Gerhard Lapan \u25cf <strong>Schnitt<\/strong>: Niki Lapan\u00a0 \u25cf Idee &amp; Gestaltung: Mag. Andreas Prohart<\/span><\/p>\n<p><span style=\"font-family: arial,helvetica,sans-serif; font-size: 12pt;\">Wer so wie ich echte Film-Setluft geatmet hat und sich Tage &amp; N\u00e4chte gemeinsam mit Schauspielern und Teamkollegen um die Ohren schlug, um sich seinen Lebensunterhalt zu verdienen, durfte in eine v\u00f6llig andere Welt eintauchen. In eine Welt voller Phantaise und Poesie und in Geschichten die bewegen &#8230;<strong>\u00a0<\/strong> <em>&#8222;Ich mache keine Filme nur f\u00fcr Kinder. Ich mache sie f\u00fcr das Kind in jedem von uns, sei es sechs oder sechzig Jahre alt.&#8220;<\/em> <sup>Walt Disney<\/sup> ..einer der besten Storyteller der Filmgeschichte bringt es auf den Punkt. <strong>Filmemachen<\/strong> <strong>hei\u00dft f\u00fcr mich jedermanns Herz erobern zu wollen<\/strong>. Und dies schon mit sehr kleinem Aufwand, in dem ich versuche eine Geschichte zu erz\u00e4hlen, die Hand und Fu\u00df hat ohne viel Schnick-Schnack und Effekthascherei&#8230; das Zauberwort lautet<em> Storytelling<\/em>..<\/span><\/p>\n<p><span style=\"font-size: 12pt;\"><span style=\"font-family: arial,helvetica,sans-serif;\">Ich hatte aber das Gl\u00fcck, an zahlreichen (inter)nationalen <a href=\"https:\/\/www.prohart.at\/?page_id=97\">Produktionen<\/a> mitzuwirken. Die dabei gemachten Erfahrungen haben in meinem derzeitigen Berufsleben weiterhin Bestand<\/span>.<\/span><\/p>\n<h2>Eigenproduktionen:<\/h2>\n<p><span style=\"font-size: 8pt;\"><strong>Kamera:<\/strong> Patrik Fohnen \u25cf <strong>Schnitt: <\/strong><\/span><span style=\"font-size: 8pt;\">Patrik Fohnenp &amp; Andreas Prohart<\/span><span style=\"font-size: 8pt;\">\u00a0 \u25cf Idee &amp; Gestaltung: Mag. Andreas Prohart<br \/>\n<div id=\"bcLXVQIWmH\" data-borlabs-cookie-blocked-content><div class=\"borlabs-cookie-bct bc-bct-video bc-bct-youtube\"> <p class=\"bc-thumbnail\"><img src=\"https:\/\/www.prohart.at\/wp-content\/plugins\/borlabs-cookie\/images\/bct-no-thumbnail.png\" alt=\"YouTube\"><\/p> <div class=\"bc-text\"> <p>Zum Schutz Ihrer pers\u00f6nlichen Daten ist die Verbindung zu YouTube blockiert worden.<br>Klicken Sie auf <strong>Video laden<\/strong>, um die Blockierung zu YouTube aufzuheben.<br>Durch das Laden des Videos akzeptieren Sie die Datenschutzbestimmungen von YouTube.<br>Mehr Informationen zum Datenschutz von YouTube finden Sie hier <a href=\"https:\/\/policies.google.com\/privacy?hl=de&amp;gl=de\" target=\"_blank\">Google - Datenschutzerkl\u00e4rung &amp; Nutzungsbedingungen<\/a>.<\/p> <p><label><input type=\"checkbox\" name=\"unblockAll\" value=\"1\" checked> YouTube Videos zuk\u00fcnftig nicht mehr blockieren.<\/label> <a role=\"button\" data-borlabs-cookie-unblock>Video laden<\/a><\/p> <\/div> <\/div><\/div><br \/>\n<\/span><\/p>\n<div id=\"bcinJK71pp\" data-borlabs-cookie-blocked-content><div class=\"borlabs-cookie-bct bc-bct-video bc-bct-youtube\"> <p class=\"bc-thumbnail\"><img src=\"https:\/\/www.prohart.at\/wp-content\/plugins\/borlabs-cookie\/images\/bct-no-thumbnail.png\" alt=\"YouTube\"><\/p> <div class=\"bc-text\"> <p>Zum Schutz Ihrer pers\u00f6nlichen Daten ist die Verbindung zu YouTube blockiert worden.<br>Klicken Sie auf <strong>Video laden<\/strong>, um die Blockierung zu YouTube aufzuheben.<br>Durch das Laden des Videos akzeptieren Sie die Datenschutzbestimmungen von YouTube.<br>Mehr Informationen zum Datenschutz von YouTube finden Sie hier <a href=\"https:\/\/policies.google.com\/privacy?hl=de&amp;gl=de\" target=\"_blank\">Google - Datenschutzerkl\u00e4rung &amp; Nutzungsbedingungen<\/a>.<\/p> <p><label><input type=\"checkbox\" name=\"unblockAll\" value=\"1\" checked> YouTube Videos zuk\u00fcnftig nicht mehr blockieren.<\/label> <a role=\"button\" data-borlabs-cookie-unblock>Video laden<\/a><\/p> <\/div> <\/div><\/div>\n<div id=\"bch5LMZGhL\" data-borlabs-cookie-blocked-content><div class=\"borlabs-cookie-bct bc-bct-video bc-bct-youtube\"> <p class=\"bc-thumbnail\"><img src=\"https:\/\/www.prohart.at\/wp-content\/plugins\/borlabs-cookie\/images\/bct-no-thumbnail.png\" alt=\"YouTube\"><\/p> <div class=\"bc-text\"> <p>Zum Schutz Ihrer pers\u00f6nlichen Daten ist die Verbindung zu YouTube blockiert worden.<br>Klicken Sie auf <strong>Video laden<\/strong>, um die Blockierung zu YouTube aufzuheben.<br>Durch das Laden des Videos akzeptieren Sie die Datenschutzbestimmungen von YouTube.<br>Mehr Informationen zum Datenschutz von YouTube finden Sie hier <a href=\"https:\/\/policies.google.com\/privacy?hl=de&amp;gl=de\" target=\"_blank\">Google - Datenschutzerkl\u00e4rung &amp; Nutzungsbedingungen<\/a>.<\/p> <p><label><input type=\"checkbox\" name=\"unblockAll\" value=\"1\" checked> YouTube Videos zuk\u00fcnftig nicht mehr blockieren.<\/label> <a role=\"button\" data-borlabs-cookie-unblock>Video laden<\/a><\/p> <\/div> <\/div><\/div>\n<div id=\"bcjnwpdOMm\" data-borlabs-cookie-blocked-content><div class=\"borlabs-cookie-bct bc-bct-video bc-bct-youtube\"> <p class=\"bc-thumbnail\"><img src=\"https:\/\/www.prohart.at\/wp-content\/plugins\/borlabs-cookie\/images\/bct-no-thumbnail.png\" alt=\"YouTube\"><\/p> <div class=\"bc-text\"> <p>Zum Schutz Ihrer pers\u00f6nlichen Daten ist die Verbindung zu YouTube blockiert worden.<br>Klicken Sie auf <strong>Video laden<\/strong>, um die Blockierung zu YouTube aufzuheben.<br>Durch das Laden des Videos akzeptieren Sie die Datenschutzbestimmungen von YouTube.<br>Mehr Informationen zum Datenschutz von YouTube finden Sie hier <a href=\"https:\/\/policies.google.com\/privacy?hl=de&amp;gl=de\" target=\"_blank\">Google - Datenschutzerkl\u00e4rung &amp; Nutzungsbedingungen<\/a>.<\/p> <p><label><input type=\"checkbox\" name=\"unblockAll\" value=\"1\" checked> YouTube Videos zuk\u00fcnftig nicht mehr blockieren.<\/label> <a role=\"button\" data-borlabs-cookie-unblock>Video laden<\/a><\/p> <\/div> <\/div><\/div>\n<h4><div id=\"bcR5xwCKIm\" data-borlabs-cookie-blocked-content><div class=\"borlabs-cookie-bct bc-bct-video bc-bct-youtube\"> <p class=\"bc-thumbnail\"><img src=\"https:\/\/www.prohart.at\/wp-content\/plugins\/borlabs-cookie\/images\/bct-no-thumbnail.png\" alt=\"YouTube\"><\/p> <div class=\"bc-text\"> <p>Zum Schutz Ihrer pers\u00f6nlichen Daten ist die Verbindung zu YouTube blockiert worden.<br>Klicken Sie auf <strong>Video laden<\/strong>, um die Blockierung zu YouTube aufzuheben.<br>Durch das Laden des Videos akzeptieren Sie die Datenschutzbestimmungen von YouTube.<br>Mehr Informationen zum Datenschutz von YouTube finden Sie hier <a href=\"https:\/\/policies.google.com\/privacy?hl=de&amp;gl=de\" target=\"_blank\">Google - Datenschutzerkl\u00e4rung &amp; Nutzungsbedingungen<\/a>.<\/p> <p><label><input type=\"checkbox\" name=\"unblockAll\" value=\"1\" checked> YouTube Videos zuk\u00fcnftig nicht mehr blockieren.<\/label> <a role=\"button\" data-borlabs-cookie-unblock>Video laden<\/a><\/p> <\/div> <\/div><\/div><\/h4>\n<h2>KOPRODUKTIONEN:<\/h2>\n<h2><span style=\"font-family: arial,helvetica,sans-serif; font-size: 12pt;\"><div id=\"bcowtsUjWT\" data-borlabs-cookie-blocked-content><div class=\"borlabs-cookie-bct bc-bct-video bc-bct-youtube\"> <p class=\"bc-thumbnail\"><img src=\"https:\/\/www.prohart.at\/wp-content\/plugins\/borlabs-cookie\/images\/bct-no-thumbnail.png\" alt=\"YouTube\"><\/p> <div class=\"bc-text\"> <p>Zum Schutz Ihrer pers\u00f6nlichen Daten ist die Verbindung zu YouTube blockiert worden.<br>Klicken Sie auf <strong>Video laden<\/strong>, um die Blockierung zu YouTube aufzuheben.<br>Durch das Laden des Videos akzeptieren Sie die Datenschutzbestimmungen von YouTube.<br>Mehr Informationen zum Datenschutz von YouTube finden Sie hier <a href=\"https:\/\/policies.google.com\/privacy?hl=de&amp;gl=de\" target=\"_blank\">Google - Datenschutzerkl\u00e4rung &amp; Nutzungsbedingungen<\/a>.<\/p> <p><label><input type=\"checkbox\" name=\"unblockAll\" value=\"1\" checked> YouTube Videos zuk\u00fcnftig nicht mehr blockieren.<\/label> <a role=\"button\" data-borlabs-cookie-unblock>Video laden<\/a><\/p> <\/div> <\/div><\/div><\/span><\/h2>\n<h2><span style=\"font-family: arial,helvetica,sans-serif; font-size: 12pt;\"><div id=\"bcZicfBejX\" data-borlabs-cookie-blocked-content><div class=\"borlabs-cookie-bct bc-bct-video bc-bct-youtube\"> <p class=\"bc-thumbnail\"><img src=\"https:\/\/www.prohart.at\/wp-content\/plugins\/borlabs-cookie\/images\/bct-no-thumbnail.png\" alt=\"YouTube\"><\/p> <div class=\"bc-text\"> <p>Zum Schutz Ihrer pers\u00f6nlichen Daten ist die Verbindung zu YouTube blockiert worden.<br>Klicken Sie auf <strong>Video laden<\/strong>, um die Blockierung zu YouTube aufzuheben.<br>Durch das Laden des Videos akzeptieren Sie die Datenschutzbestimmungen von YouTube.<br>Mehr Informationen zum Datenschutz von YouTube finden Sie hier <a href=\"https:\/\/policies.google.com\/privacy?hl=de&amp;gl=de\" target=\"_blank\">Google - Datenschutzerkl\u00e4rung &amp; Nutzungsbedingungen<\/a>.<\/p> <p><label><input type=\"checkbox\" name=\"unblockAll\" value=\"1\" checked> YouTube Videos zuk\u00fcnftig nicht mehr blockieren.<\/label> <a role=\"button\" data-borlabs-cookie-unblock>Video laden<\/a><\/p> <\/div> <\/div><\/div><\/span><\/h2>\n<p><span style=\"font-size: 8pt;\"><strong>Kamera:<\/strong> Gerhard Lapan \u25cf<strong>Schnitt<\/strong>: Niki Lapan\u00a0 \u25cf<strong> Idee &amp; Gestaltung:<\/strong> Mag. Andreas Prohart<\/span><\/p>\n<div id=\"bcDMZfzZyU\" data-borlabs-cookie-blocked-content><div class=\"borlabs-cookie-bct bc-bct-video bc-bct-youtube\"> <p class=\"bc-thumbnail\"><img src=\"https:\/\/www.prohart.at\/wp-content\/plugins\/borlabs-cookie\/images\/bct-no-thumbnail.png\" alt=\"YouTube\"><\/p> <div class=\"bc-text\"> <p>Zum Schutz Ihrer pers\u00f6nlichen Daten ist die Verbindung zu YouTube blockiert worden.<br>Klicken Sie auf <strong>Video laden<\/strong>, um die Blockierung zu YouTube aufzuheben.<br>Durch das Laden des Videos akzeptieren Sie die Datenschutzbestimmungen von YouTube.<br>Mehr Informationen zum Datenschutz von YouTube finden Sie hier <a href=\"https:\/\/policies.google.com\/privacy?hl=de&amp;gl=de\" target=\"_blank\">Google - Datenschutzerkl\u00e4rung &amp; Nutzungsbedingungen<\/a>.<\/p> <p><label><input type=\"checkbox\" name=\"unblockAll\" value=\"1\" checked> YouTube Videos zuk\u00fcnftig nicht mehr blockieren.<\/label> <a role=\"button\" data-borlabs-cookie-unblock>Video laden<\/a><\/p> <\/div> <\/div><\/div>\n<p><span style=\"font-size: 8pt;\"><strong>Kamera &amp; Schnitt: <\/strong>Christian Rieder\u00a0\u25cf<strong> Idee &amp; Gestaltung: <\/strong>Mag. Andreas Prohart<br \/>\n<\/span><\/p>\n","protected":false},"excerpt":{"rendered":"<p>Zum Schutz Ihrer pers\u00f6nlichen Daten ist die Verbindung zu Vimeo blockiert worden.Klicken Sie auf Video laden, um die Blockierung zu Vimeo aufzuheben.Durch das Laden des Videos akzeptieren Sie die Datenschutzbestimmungen von Vimeo.Mehr Informationen zum Datenschutz von Vimeo finden Sie hier Vimeo.com Datenschutzerkl\u00e4rung. Vimeo Videos zuk\u00fcnftig nicht mehr blockieren. Video laden Zum Schutz Ihrer pers\u00f6nlichen Daten &hellip; <a href=\"https:\/\/www.prohart.at\/index.php\/videographie\/\" class=\"more-link\"><span class=\"screen-reader-text\">\u201eVideography\u201c<\/span> weiterlesen<\/a><\/p>\n","protected":false},"author":2,"featured_media":0,"parent":0,"menu_order":4,"comment_status":"closed","ping_status":"closed","template":"","meta":{"footnotes":""},"class_list":["post-95","page","type-page","status-publish","hentry"],"_links":{"self":[{"href":"https:\/\/www.prohart.at\/index.php\/wp-json\/wp\/v2\/pages\/95","targetHints":{"allow":["GET"]}}],"collection":[{"href":"https:\/\/www.prohart.at\/index.php\/wp-json\/wp\/v2\/pages"}],"about":[{"href":"https:\/\/www.prohart.at\/index.php\/wp-json\/wp\/v2\/types\/page"}],"author":[{"embeddable":true,"href":"https:\/\/www.prohart.at\/index.php\/wp-json\/wp\/v2\/users\/2"}],"replies":[{"embeddable":true,"href":"https:\/\/www.prohart.at\/index.php\/wp-json\/wp\/v2\/comments?post=95"}],"version-history":[{"count":51,"href":"https:\/\/www.prohart.at\/index.php\/wp-json\/wp\/v2\/pages\/95\/revisions"}],"predecessor-version":[{"id":1366,"href":"https:\/\/www.prohart.at\/index.php\/wp-json\/wp\/v2\/pages\/95\/revisions\/1366"}],"wp:attachment":[{"href":"https:\/\/www.prohart.at\/index.php\/wp-json\/wp\/v2\/media?parent=95"}],"curies":[{"name":"wp","href":"https:\/\/api.w.org\/{rel}","templated":true}]}}