{"id":713,"date":"2017-07-11T13:11:32","date_gmt":"2017-07-11T11:11:32","guid":{"rendered":"http:\/\/www.prohart.at\/wordpress\/?page_id=713"},"modified":"2018-02-07T14:33:18","modified_gmt":"2018-02-07T12:33:18","slug":"impressum-2107","status":"publish","type":"page","link":"https:\/\/www.prohart.at\/index.php\/impressum-2107\/","title":{"rendered":"Impressum"},"content":{"rendered":"<p><span style=\"font-family: arial,helvetica,sans-serif; font-size: 18pt;\">Medienbetreiber &amp; Domaininhaber<\/span><\/p>\n<p><span style=\"font-family: arial,helvetica,sans-serif; font-size: 12pt;\"><strong>Name:<\/strong> Mag. Andreas Wolfgang Prohart<\/span><br \/>\n<span style=\"font-family: arial,helvetica,sans-serif; font-size: 12pt;\"> <strong>Adresse:<\/strong> Siebenh\u00fcgelstra\u00dfe 152a 9020 Klagenfurt am W\u00f6rthersee<\/span><\/p>\n<p><span style=\"font-family: arial,helvetica,sans-serif; font-size: 12pt;\"><strong>Web:<\/strong> www.prohart.at<\/span><\/p>\n<p><span style=\"font-family: arial,helvetica,sans-serif; font-size: 12pt;\"><strong>Mail: <\/strong><a href=\"mailto:welcome@prohart.at\">welcome[at]prohart.at<\/a><\/span><\/p>\n<p><span style=\"font-family: arial,helvetica,sans-serif; font-size: 12pt;\"> <strong>Mob.:<\/strong> +43 (0) 664 35 06 06 9<\/span><\/p>\n<p><span style=\"font-family: arial,helvetica,sans-serif; font-size: 12pt;\"><strong>Domains:<\/strong> www.prohart.at<\/span><\/p>\n<p><span style=\"font-family: arial,helvetica,sans-serif; font-size: 12pt;\"><strong>Gewerbeberechtigung:<\/strong> Berufsfotograf (Handwerk) gem. \u00a7 94 Z 20 GewO 1994<\/span><br \/>\n<span style=\"font-family: arial,helvetica,sans-serif; font-size: 12pt;\"> <strong>Beh\u00f6rde gem. ECG (E-Commerce-Gesetz):<\/strong> Magistrat der Stadt Klagenfurt<\/span><br \/>\n<span style=\"font-family: arial,helvetica,sans-serif; font-size: 12pt;\"> <strong>Rechtsform:<\/strong> Einzelunternehmen<\/span><br \/>\n<span style=\"font-family: arial,helvetica,sans-serif; font-size: 12pt;\"> <strong>UID-Nr.:<\/strong> ATU65445967<\/span><\/p>\n<p><span style=\"font-size: 18pt;\"><span style=\"font-family: arial,helvetica,sans-serif;\"><span style=\"font-size: 12pt;\"><strong>ABG\u00b4s:<\/strong><\/span>\u00a0<\/span><\/span><span style=\"font-size: 18pt;\"><span style=\"font-family: arial,helvetica,sans-serif;\"> <a href=\"https:\/\/www.prohart.at\/index.php\/agbs\/\"><span style=\"font-size: 14pt;\">Mag. Andreas W. Prohart Foto &amp; Videoproduktion<\/span> <\/a><\/span><\/span><\/p>\n<p><span style=\"font-size: 18pt;\"><span style=\"font-family: arial,helvetica,sans-serif;\">\u00a0<\/span><\/span><\/p>\n<p><span style=\"font-family: arial,helvetica,sans-serif; font-size: 12pt;\">Rechtlicher Hinweis | Copyright &amp; Haftungsausschluss<\/span><\/p>\n<p><span style=\"font-family: arial,helvetica,sans-serif; font-size: 12pt;\">Der Inhalt der Website www.prohart.at und insbesondere die abgebildeten Fotos sind durch den Seitenbetreiber urheberrechtlich gesch\u00fctzt und d\u00fcrfen ohne schriftliche Zustimmung des Seitenbetreibers weder publiziert, reproduziert, noch auf eine andere Art und Weise verwendet werden. Das schlie\u00dft insbesondere auch die Speicherung in Datenbanken, Vervielf\u00e4ltigung und jede Form von gewerblicher Nutzung sowie die Weitergabe an Dritte \u2013 auch in Teilen oder in \u00fcberarbeiteter Form \u2013 mit ein. Zuwiderhandlungen werden ausnahmslos gerichtlich geahndet.<\/span><\/p>\n<p><span style=\"font-family: arial,helvetica,sans-serif; font-size: 12pt;\">Die Inhalte der Website werden laufend mit gr\u00f6\u00dftm\u00f6glicher Sorgfalt gepr\u00fcft und aktualisiert. Dennoch k\u00f6nnen Daten und Informationen bereits ihre G\u00fcltigkeit verloren haben. Soweit gesetzlich zul\u00e4ssig wird daher die Haftung und Gew\u00e4hrleistung f\u00fcr die Richtigkeit und Vollst\u00e4ndigkeit der ver\u00f6ffentlichten Daten und Informationen ausgeschlossen, d.h. der Betreiber haftet nicht f\u00fcr Sch\u00e4den (materieller oder immaterieller Art), die in direktem oder indirektem Zusammenhang mit der Nutzung dieser Website entstehen.<\/span><\/p>\n<p><span style=\"font-family: arial,helvetica,sans-serif; font-size: 12pt;\">Weiters \u00fcbernimmt der Seitenbetreiber aufgrund der fehlenden M\u00f6glichkeit zur Einflussnahme keinerlei Haftung und Gew\u00e4hrleistung f\u00fcr Inhalte auf \u00fcber externe oder weiterf\u00fchrende Links verbundene Websites. F\u00fcr diese Inhalte ist der jeweilige Anbieter bzw. Betreiber verantwortlich. Diese Erkl\u00e4rung gilt f\u00fcr alle auf der Website www.prohart.at angebrachten externen Links und alle weiterf\u00fchrenden Links.<\/span><\/p>\n<p>&nbsp;<\/p>\n<p>&nbsp;<\/p>\n<p>&nbsp;<\/p>\n","protected":false},"excerpt":{"rendered":"<p>Medienbetreiber &amp; Domaininhaber Name: Mag. Andreas Wolfgang Prohart Adresse: Siebenh\u00fcgelstra\u00dfe 152a 9020 Klagenfurt am W\u00f6rthersee Web: www.prohart.at Mail: welcome[at]prohart.at Mob.: +43 (0) 664 35 06 06 9 Domains: www.prohart.at Gewerbeberechtigung: Berufsfotograf (Handwerk) gem. \u00a7 94 Z 20 GewO 1994 Beh\u00f6rde gem. ECG (E-Commerce-Gesetz): Magistrat der Stadt Klagenfurt Rechtsform: Einzelunternehmen UID-Nr.: ATU65445967 ABG\u00b4s:\u00a0 Mag. Andreas W. &hellip; <a href=\"https:\/\/www.prohart.at\/index.php\/impressum-2107\/\" class=\"more-link\"><span class=\"screen-reader-text\">\u201eImpressum\u201c<\/span> weiterlesen<\/a><\/p>\n","protected":false},"author":2,"featured_media":0,"parent":0,"menu_order":0,"comment_status":"closed","ping_status":"closed","template":"","meta":{"footnotes":""},"class_list":["post-713","page","type-page","status-publish","hentry"],"_links":{"self":[{"href":"https:\/\/www.prohart.at\/index.php\/wp-json\/wp\/v2\/pages\/713","targetHints":{"allow":["GET"]}}],"collection":[{"href":"https:\/\/www.prohart.at\/index.php\/wp-json\/wp\/v2\/pages"}],"about":[{"href":"https:\/\/www.prohart.at\/index.php\/wp-json\/wp\/v2\/types\/page"}],"author":[{"embeddable":true,"href":"https:\/\/www.prohart.at\/index.php\/wp-json\/wp\/v2\/users\/2"}],"replies":[{"embeddable":true,"href":"https:\/\/www.prohart.at\/index.php\/wp-json\/wp\/v2\/comments?post=713"}],"version-history":[{"count":19,"href":"https:\/\/www.prohart.at\/index.php\/wp-json\/wp\/v2\/pages\/713\/revisions"}],"predecessor-version":[{"id":1362,"href":"https:\/\/www.prohart.at\/index.php\/wp-json\/wp\/v2\/pages\/713\/revisions\/1362"}],"wp:attachment":[{"href":"https:\/\/www.prohart.at\/index.php\/wp-json\/wp\/v2\/media?parent=713"}],"curies":[{"name":"wp","href":"https:\/\/api.w.org\/{rel}","templated":true}]}}

<p><span style="font-family: arial,helvetica,sans-serif; font-size: 18pt;">Medienbetreiber &amp; Domaininhaber</span></p>
<p><span style="font-family: arial,helvetica,sans-serif; font-size: 12pt;"><strong>Name:</strong> Mag. Andreas Wolfgang Prohart</span><br />
<span style="font-family: arial,helvetica,sans-serif; font-size: 12pt;"> <strong>Adresse:</strong> Siebenhügelstraße 152a 9020 Klagenfurt am Wörthersee</span></p>
<p><span style="font-family: arial,helvetica,sans-serif; font-size: 12pt;"><strong>Web:</strong> www.prohart.at</span></p>
<p><span style="font-family: arial,helvetica,sans-serif; font-size: 12pt;"><strong>Mail: </strong><a href="mailto:welcome@prohart.at">welcome[at]prohart.at</a></span></p>
<p><span style="font-family: arial,helvetica,sans-serif; font-size: 12pt;"> <strong>Mob.:</strong> +43 (0) 664 35 06 06 9</span></p>
<p><span style="font-family: arial,helvetica,sans-serif; font-size: 12pt;"><strong>Domains:</strong> www.prohart.at</span></p>
<p><span style="font-family: arial,helvetica,sans-serif; font-size: 12pt;"><strong>Gewerbeberechtigung:</strong> Berufsfotograf (Handwerk) gem. § 94 Z 20 GewO 1994</span><br />
<span style="font-family: arial,helvetica,sans-serif; font-size: 12pt;"> <strong>Behörde gem. ECG (E-Commerce-Gesetz):</strong> Magistrat der Stadt Klagenfurt</span><br />
<span style="font-family: arial,helvetica,sans-serif; font-size: 12pt;"> <strong>Rechtsform:</strong> Einzelunternehmen</span><br />
<span style="font-family: arial,helvetica,sans-serif; font-size: 12pt;"> <strong>UID-Nr.:</strong> ATU65445967</span></p>
<p><span style="font-size: 18pt;"><span style="font-family: arial,helvetica,sans-serif;"><span style="font-size: 12pt;"><strong>ABG´s:</strong></span> </span></span><span style="font-size: 18pt;"><span style="font-family: arial,helvetica,sans-serif;"> <a href="https://www.prohart.at/index.php/agbs/"><span style="font-size: 14pt;">Mag. Andreas W. Prohart Foto &amp; Videoproduktion</span> </a></span></span></p>
<p><span style="font-size: 18pt;"><span style="font-family: arial,helvetica,sans-serif;"> </span></span></p>
<p><span style="font-family: arial,helvetica,sans-serif; font-size: 12pt;">Rechtlicher Hinweis | Copyright &amp; Haftungsausschluss</span></p>
<p><span style="font-family: arial,helvetica,sans-serif; font-size: 12pt;">Der Inhalt der Website www.prohart.at und insbesondere die abgebildeten Fotos sind durch den Seitenbetreiber urheberrechtlich geschützt und dürfen ohne schriftliche Zustimmung des Seitenbetreibers weder publiziert, reproduziert, noch auf eine andere Art und Weise verwendet werden. Das schließt insbesondere auch die Speicherung in Datenbanken, Vervielfältigung und jede Form von gewerblicher Nutzung sowie die Weitergabe an Dritte – auch in Teilen oder in überarbeiteter Form – mit ein. Zuwiderhandlungen werden ausnahmslos gerichtlich geahndet.</span></p>
<p><span style="font-family: arial,helvetica,sans-serif; font-size: 12pt;">Die Inhalte der Website werden laufend mit größtmöglicher Sorgfalt geprüft und aktualisiert. Dennoch können Daten und Informationen bereits ihre Gültigkeit verloren haben. Soweit gesetzlich zulässig wird daher die Haftung und Gewährleistung für die Richtigkeit und Vollständigkeit der veröffentlichten Daten und Informationen ausgeschlossen, d.h. der Betreiber haftet nicht für Schäden (materieller oder immaterieller Art), die in direktem oder indirektem Zusammenhang mit der Nutzung dieser Website entstehen.</span></p>
<p><span style="font-family: arial,helvetica,sans-serif; font-size: 12pt;">Weiters übernimmt der Seitenbetreiber aufgrund der fehlenden Möglichkeit zur Einflussnahme keinerlei Haftung und Gewährleistung für Inhalte auf über externe oder weiterführende Links verbundene Websites. Für diese Inhalte ist der jeweilige Anbieter bzw. Betreiber verantwortlich. Diese Erklärung gilt für alle auf der Website www.prohart.at angebrachten externen Links und alle weiterführenden Links.</span></p>
<p>&nbsp;</p>
<p>&nbsp;</p>
<p>&nbsp;</p>

<p>Medienbetreiber &amp; Domaininhaber Name: Mag. Andreas Wolfgang Prohart Adresse: Siebenhügelstraße 152a 9020 Klagenfurt am Wörthersee Web: www.prohart.at Mail: welcome[at]prohart.at Mob.: +43 (0) 664 35 06 06 9 Domains: www.prohart.at Gewerbeberechtigung: Berufsfotograf (Handwerk) gem. § 94 Z 20 GewO 1994 Behörde gem. ECG (E-Commerce-Gesetz): Magistrat der Stadt Klagenfurt Rechtsform: Einzelunternehmen UID-Nr.: ATU65445967 ABG´s:  Mag. Andreas W. &hellip; <a href="https://www.prohart.at/index.php/impressum-2107/" class="more-link"><span class="screen-reader-text">„Impressum“</span> weiterlesen</a></p>
