{"id":538,"date":"2018-01-22T12:50:17","date_gmt":"2018-01-22T10:50:17","guid":{"rendered":"http:\/\/www.prohart.at\/wordpress\/?page_id=538"},"modified":"2021-09-09T10:00:49","modified_gmt":"2021-09-09T08:00:49","slug":"test-flicker-slideshow","status":"publish","type":"page","link":"https:\/\/www.prohart.at\/index.php\/test-flicker-slideshow\/","title":{"rendered":"Willkommen bei prohart.at"},"content":{"rendered":"<p style=\"text-align: center;\"><strong>\u00a0<\/strong><\/p>\n<p style=\"text-align: center;\">\n<p style=\"text-align: justify;\"><span style=\"font-size: 12pt;\"><span style=\"font-family: arial, helvetica, sans-serif;\"><br \/>\nSuchen Sie \u00f6fters online nach passenden Bildinhalten f\u00fcr eine Website, Socialmedia-Plattformen oder ein Werbevideo? Bei Ihrer Suche nach aussagekr\u00e4ftigen Bildern \/ Videos in Online\u00a0 <\/span><\/span><span style=\"font-size: 12pt;\"><span style=\"font-family: arial, helvetica, sans-serif;\">Portalen merken Sie schnell, dass aussagekr\u00e4ftige Fotos und Videos viel schwerer zu finden sind als erhofft. So verbringen Sie sehr viel Zeit damit, nach Fotos und Videos zu suchen.<br \/>\nZ<\/span><\/span><span style=\"font-size: 12pt;\"><span style=\"font-family: arial, helvetica, sans-serif;\">eit die Sie lieber in die Kreation einer neuen Kampagne oder Ihrer eigenen, pers\u00f6nlichen Bilderwelten investiert h\u00e4tten.<br \/>\nUnser Know How aus 25 Jahren Storytelling, gepaart mit der Effizienz aus der TV-Berichterstattung lassen die Kosten der Bewegt-Bild-Produktion auf ein, f\u00fcr alle vertretbares, Minimum sinken. <\/span><span style=\"font-family: arial, helvetica, sans-serif;\">Um in Ihre Kampagne \/ Ihren Pitch \/ Webauftritt wirkungsvoll realisieren zu k\u00f6nnen. Weniger technischer Aufwand daf\u00fcr mehr Tiefgang \/ Authentizit\u00e4t in den Bild-Geschichten bringt Ihnen und <\/span><span style=\"font-family: arial, helvetica, sans-serif;\">Ihren Kunden mehr Geh\u00f6r, Umsatz und Nachhaltigkeit. Stellen Sie sich vor, wie sich die bildliche Wahrnehmung f\u00fcr Ihre Follower \/ Kunden verbessern wird, wenn 2 oder 3 wichtige Leistungen, <\/span><\/span><span style=\"font-family: arial, helvetica, sans-serif;\"><span style=\"font-size: 12pt;\">von uns auf Ihre \/ Ihres Kunden bed\u00fcrfnisgerecht angefertigt werden, anstatt ein paar Megapixel von einem anonymen Online-Store zu kaufen.\u00a0 <\/span><br \/>\n<\/span><\/p>\n<p style=\"text-align: justify;\">\n<p><span style=\"font-family: arial, helvetica, sans-serif; font-size: 12pt;\"><span style=\"color: #ff6600;\">Vereinbaren Sie jetzt gleich ein erstes Kennenlerngespr\u00e4ch unter <a href=\"mailto:welcome@prohart.at?subject=25%25%20Rabatt%20Erst-Kontakt%20\">welcome(@)prohart.at<\/a> oder <span style=\"color: #0000ff;\">+436643506069<\/span> und nutzen den Kennenlernrabatt von 25% <sup>[6]<\/sup><\/span>.<\/span><\/p>\n<p><span style=\"font-size: 10pt;\">\u00a0<\/span><\/p>\n","protected":false},"excerpt":{"rendered":"<p>\u00a0 Suchen Sie \u00f6fters online nach passenden Bildinhalten f\u00fcr eine Website, Socialmedia-Plattformen oder ein Werbevideo? Bei Ihrer Suche nach aussagekr\u00e4ftigen Bildern \/ Videos in Online\u00a0 Portalen merken Sie schnell, dass aussagekr\u00e4ftige Fotos und Videos viel schwerer zu finden sind als erhofft. So verbringen Sie sehr viel Zeit damit, nach Fotos und Videos zu suchen. Zeit &hellip; <a href=\"https:\/\/www.prohart.at\/index.php\/test-flicker-slideshow\/\" class=\"more-link\"><span class=\"screen-reader-text\">\u201eWillkommen bei prohart.at\u201c<\/span> weiterlesen<\/a><\/p>\n","protected":false},"author":2,"featured_media":706,"parent":0,"menu_order":0,"comment_status":"closed","ping_status":"closed","template":"","meta":{"footnotes":""},"class_list":["post-538","page","type-page","status-publish","has-post-thumbnail","hentry"],"_links":{"self":[{"href":"https:\/\/www.prohart.at\/index.php\/wp-json\/wp\/v2\/pages\/538","targetHints":{"allow":["GET"]}}],"collection":[{"href":"https:\/\/www.prohart.at\/index.php\/wp-json\/wp\/v2\/pages"}],"about":[{"href":"https:\/\/www.prohart.at\/index.php\/wp-json\/wp\/v2\/types\/page"}],"author":[{"embeddable":true,"href":"https:\/\/www.prohart.at\/index.php\/wp-json\/wp\/v2\/users\/2"}],"replies":[{"embeddable":true,"href":"https:\/\/www.prohart.at\/index.php\/wp-json\/wp\/v2\/comments?post=538"}],"version-history":[{"count":53,"href":"https:\/\/www.prohart.at\/index.php\/wp-json\/wp\/v2\/pages\/538\/revisions"}],"predecessor-version":[{"id":1338,"href":"https:\/\/www.prohart.at\/index.php\/wp-json\/wp\/v2\/pages\/538\/revisions\/1338"}],"wp:featuredmedia":[{"embeddable":true,"href":"https:\/\/www.prohart.at\/index.php\/wp-json\/wp\/v2\/media\/706"}],"wp:attachment":[{"href":"https:\/\/www.prohart.at\/index.php\/wp-json\/wp\/v2\/media?parent=538"}],"curies":[{"name":"wp","href":"https:\/\/api.w.org\/{rel}","templated":true}]}}