{"id":11,"date":"2014-09-15T12:03:33","date_gmt":"2014-09-15T10:03:33","guid":{"rendered":"http:\/\/www.prohart.at\/wordpress\/?page_id=11"},"modified":"2018-04-06T14:21:56","modified_gmt":"2018-04-06T12:21:56","slug":"photography","status":"publish","type":"page","link":"https:\/\/www.prohart.at\/index.php\/photography\/","title":{"rendered":"Photography"},"content":{"rendered":"<h2 align=\"JUSTIFY\"><span style=\"font-size: 18pt; font-family: arial,helvetica,sans-serif;\">DIE DIGITALFOTOGRAPHIE ERM\u00d6GLICHT UNS NICHT NUR, ERINNERUNGEN FESTZUHALTEN, SONDERN AUCH, WELCHE ZU KREIEREN.<\/span><\/h2>\n<p align=\"JUSTIFY\"><span style=\"font-size: 12pt; font-family: arial,helvetica,sans-serif;\"><sup> James Wayner<\/sup><\/span><\/p>\n<p><span style=\"font-family: arial,helvetica,sans-serif;\"><div id=\"bcdtosFCvL\" data-borlabs-cookie-blocked-content><div class=\"borlabs-cookie-bct-default\"> <p>Klicken Sie auf den unteren Button, um den Inhalt von www.flickr.com zu laden.<br> <a role=\"button\" data-borlabs-cookie-unblock>Inhalt laden<\/a><\/p> <\/div><\/div><\/span><\/p>\n<p align=\"JUSTIFY\"><span style=\"font-family: arial,helvetica,sans-serif;\"><span style=\"font-size: 12pt;\">Die Photographie erlaubt mir das Anhalten der Zeit und das Erz\u00e4hlen einer Geschichte mit nur einem Bild&#8230;.<\/span> <\/span><\/p>\n<p align=\"JUSTIFY\"><span style=\"font-family: arial,helvetica,sans-serif;\"><span style=\"font-size: 12pt;\">Sie ist f\u00fcr mich eine Leidenschaft, die mich zum Innehalten und Verweilen bewegt, um dabei mehr \u00fcber mich, meine Gegen\u00fcber oder die Gesellschat zu lernen. Als Berufsphotograph ist es mir gelungen meine Leidenschaft zum Beruf zu machen und diese auch als Hobby zu leben &#8230;<\/span> <\/span><\/p>\n<p align=\"JUSTIFY\"><span style=\"font-family: arial,helvetica,sans-serif;\"><span style=\"font-size: 12pt;\">In meinen Spezialgebieten Unterwasser-Modell-Photographie und Zeitrafferphotographie versuche ich den Rezipienten das Sehen des Verborgenen zu erm\u00f6glichen. Ein Sehen, das ein trainiertes Auge und spezielle kognitive F\u00e4higkeiten verlangt, welche sich auch in meiner klassischen Fotoarbeit (Reportage, Portrait, Natur, Architektur, Technik) wiederspiegln. Geschichten werden mit Licht und Schatten geschrieben. Doch wer damit schreiben will, muss auch sehen k\u00f6nnen&#8230;<\/span><\/span><\/p>\n<blockquote>\n<p align=\"JUSTIFY\"><span style=\"font-family: arial,helvetica,sans-serif;\"><span style=\"font-size: 12pt;\">&#8222;Wer sehen kann, kann auch fotografieren. Sehen lernen kann allerdings lange dauern.&#8220; <sup>Leica-AG. <\/sup>Gute Photos bed\u00fcrfen keiner teuren Ausr\u00fcstung denn.. &#8222;Der Amateur sorgt sich um die richtige Ausr\u00fcstung, der Profi sorgt sich ums Geld und der Meister sorgt sich ums Licht. &#8220; <sup>Georg IR B. <\/sup>&#8222;An einem Bild sind immer zwei Leute beteiligt: der Fotograf und der Betrachter. <sup>Ansel Adams<\/sup> Ein Foto wird meistens nur angeschaut \u2013 selten schaut man in es hinein.\u00a0 Zw\u00f6lf gute Fotos in einem Jahr sind eine gute Ausbeute.&#8220; <sup>Ansel Adams <\/sup><\/span><\/span><\/p>\n<\/blockquote>\n<p align=\"JUSTIFY\"><span style=\"font-family: arial,helvetica,sans-serif;\"><span style=\"font-size: 12pt;\">Die 12 Bilder Regel von Ansel Adams mag nicht mehr so ganz auf dem neuesten Stand sein, jedoch steckt ein Funken Wahrheit darin, denn wer im Digitalzeitalter 52 gute Bilder schafft ist auf einem sehr guten Weg. Doch wer entscheidet ob ein Bild gut oder schlecht ist, was ist Kritik, was Neid?<\/span><\/span><\/p>\n<blockquote>\n<p align=\"JUSTIFY\"><span style=\"font-family: arial,helvetica,sans-serif;\"><span style=\"font-size: 12pt;\">&#8222;Kritiker sind gute Freunde, die uns auf Fehler hinweisen.&#8220; <sup>Benjamin Franklin<\/sup> Photographie ist f\u00fcr mich ein Innehalten im Augenblick das Festhalten eines Moments. <sup>Frei nach Goethe<\/sup> <\/span><\/span><\/p>\n<\/blockquote>\n<p align=\"JUSTIFY\"><span style=\"font-family: arial,helvetica,sans-serif;\"><span style=\"font-size: 12pt;\">Ein Bild gibt uns das Gef\u00fchl, die ganze Welt in den H\u00e4nden zu halten. Photos sind Dokumente des Augenblicks, des Lebens, der Geschichte. <\/span><\/span><\/p>\n<blockquote>\n<p align=\"JUSTIFY\"><span style=\"font-family: arial,helvetica,sans-serif;\"><span style=\"font-size: 12pt;\">&#8222;Die Fotografie verwandelt die Welt in ein ewig fortbestehendes Angebot, aus der Wirklichkeit in das Reich der Fantasie, aus dem Schmerz in die Freude zu fliehen \u2013 durch das Fenster der Seele, das Auge.&#8220; <sup>Mario Cohen<\/sup><\/span><\/span><\/p>\n<\/blockquote>\n","protected":false},"excerpt":{"rendered":"<p>DIE DIGITALFOTOGRAPHIE ERM\u00d6GLICHT UNS NICHT NUR, ERINNERUNGEN FESTZUHALTEN, SONDERN AUCH, WELCHE ZU KREIEREN. James Wayner Klicken Sie auf den unteren Button, um den Inhalt von www.flickr.com zu laden. Inhalt laden Die Photographie erlaubt mir das Anhalten der Zeit und das Erz\u00e4hlen einer Geschichte mit nur einem Bild&#8230;. Sie ist f\u00fcr mich eine Leidenschaft, die mich &hellip; <a href=\"https:\/\/www.prohart.at\/index.php\/photography\/\" class=\"more-link\"><span class=\"screen-reader-text\">\u201ePhotography\u201c<\/span> weiterlesen<\/a><\/p>\n","protected":false},"author":2,"featured_media":0,"parent":0,"menu_order":2,"comment_status":"closed","ping_status":"closed","template":"","meta":{"footnotes":""},"class_list":["post-11","page","type-page","status-publish","hentry"],"_links":{"self":[{"href":"https:\/\/www.prohart.at\/index.php\/wp-json\/wp\/v2\/pages\/11","targetHints":{"allow":["GET"]}}],"collection":[{"href":"https:\/\/www.prohart.at\/index.php\/wp-json\/wp\/v2\/pages"}],"about":[{"href":"https:\/\/www.prohart.at\/index.php\/wp-json\/wp\/v2\/types\/page"}],"author":[{"embeddable":true,"href":"https:\/\/www.prohart.at\/index.php\/wp-json\/wp\/v2\/users\/2"}],"replies":[{"embeddable":true,"href":"https:\/\/www.prohart.at\/index.php\/wp-json\/wp\/v2\/comments?post=11"}],"version-history":[{"count":29,"href":"https:\/\/www.prohart.at\/index.php\/wp-json\/wp\/v2\/pages\/11\/revisions"}],"predecessor-version":[{"id":1122,"href":"https:\/\/www.prohart.at\/index.php\/wp-json\/wp\/v2\/pages\/11\/revisions\/1122"}],"wp:attachment":[{"href":"https:\/\/www.prohart.at\/index.php\/wp-json\/wp\/v2\/media?parent=11"}],"curies":[{"name":"wp","href":"https:\/\/api.w.org\/{rel}","templated":true}]}}

<h2 align="JUSTIFY"><span style="font-size: 18pt; font-family: arial,helvetica,sans-serif;">DIE DIGITALFOTOGRAPHIE ERMÖGLICHT UNS NICHT NUR, ERINNERUNGEN FESTZUHALTEN, SONDERN AUCH, WELCHE ZU KREIEREN.</span></h2>
<p align="JUSTIFY"><span style="font-size: 12pt; font-family: arial,helvetica,sans-serif;"><sup> James Wayner</sup></span></p>
<p><span style="font-family: arial,helvetica,sans-serif;"><div id="bcdtosFCvL" data-borlabs-cookie-blocked-content><div class="borlabs-cookie-bct-default"> <p>Klicken Sie auf den unteren Button, um den Inhalt von www.flickr.com zu laden.<br> <a role="button" data-borlabs-cookie-unblock>Inhalt laden</a></p> </div></div></span></p>
<p align="JUSTIFY"><span style="font-family: arial,helvetica,sans-serif;"><span style="font-size: 12pt;">Die Photographie erlaubt mir das Anhalten der Zeit und das Erzählen einer Geschichte mit nur einem Bild&#8230;.</span> </span></p>
<p align="JUSTIFY"><span style="font-family: arial,helvetica,sans-serif;"><span style="font-size: 12pt;">Sie ist für mich eine Leidenschaft, die mich zum Innehalten und Verweilen bewegt, um dabei mehr über mich, meine Gegenüber oder die Gesellschat zu lernen. Als Berufsphotograph ist es mir gelungen meine Leidenschaft zum Beruf zu machen und diese auch als Hobby zu leben &#8230;</span> </span></p>
<p align="JUSTIFY"><span style="font-family: arial,helvetica,sans-serif;"><span style="font-size: 12pt;">In meinen Spezialgebieten Unterwasser-Modell-Photographie und Zeitrafferphotographie versuche ich den Rezipienten das Sehen des Verborgenen zu ermöglichen. Ein Sehen, das ein trainiertes Auge und spezielle kognitive Fähigkeiten verlangt, welche sich auch in meiner klassischen Fotoarbeit (Reportage, Portrait, Natur, Architektur, Technik) wiederspiegln. Geschichten werden mit Licht und Schatten geschrieben. Doch wer damit schreiben will, muss auch sehen können&#8230;</span></span></p>
<blockquote>
<p align="JUSTIFY"><span style="font-family: arial,helvetica,sans-serif;"><span style="font-size: 12pt;">&#8222;Wer sehen kann, kann auch fotografieren. Sehen lernen kann allerdings lange dauern.&#8220; <sup>Leica-AG. </sup>Gute Photos bedürfen keiner teuren Ausrüstung denn.. &#8222;Der Amateur sorgt sich um die richtige Ausrüstung, der Profi sorgt sich ums Geld und der Meister sorgt sich ums Licht. &#8220; <sup>Georg IR B. </sup>&#8222;An einem Bild sind immer zwei Leute beteiligt: der Fotograf und der Betrachter. <sup>Ansel Adams</sup> Ein Foto wird meistens nur angeschaut – selten schaut man in es hinein.  Zwölf gute Fotos in einem Jahr sind eine gute Ausbeute.&#8220; <sup>Ansel Adams </sup></span></span></p>
</blockquote>
<p align="JUSTIFY"><span style="font-family: arial,helvetica,sans-serif;"><span style="font-size: 12pt;">Die 12 Bilder Regel von Ansel Adams mag nicht mehr so ganz auf dem neuesten Stand sein, jedoch steckt ein Funken Wahrheit darin, denn wer im Digitalzeitalter 52 gute Bilder schafft ist auf einem sehr guten Weg. Doch wer entscheidet ob ein Bild gut oder schlecht ist, was ist Kritik, was Neid?</span></span></p>
<blockquote>
<p align="JUSTIFY"><span style="font-family: arial,helvetica,sans-serif;"><span style="font-size: 12pt;">&#8222;Kritiker sind gute Freunde, die uns auf Fehler hinweisen.&#8220; <sup>Benjamin Franklin</sup> Photographie ist für mich ein Innehalten im Augenblick das Festhalten eines Moments. <sup>Frei nach Goethe</sup> </span></span></p>
</blockquote>
<p align="JUSTIFY"><span style="font-family: arial,helvetica,sans-serif;"><span style="font-size: 12pt;">Ein Bild gibt uns das Gefühl, die ganze Welt in den Händen zu halten. Photos sind Dokumente des Augenblicks, des Lebens, der Geschichte. </span></span></p>
<blockquote>
<p align="JUSTIFY"><span style="font-family: arial,helvetica,sans-serif;"><span style="font-size: 12pt;">&#8222;Die Fotografie verwandelt die Welt in ein ewig fortbestehendes Angebot, aus der Wirklichkeit in das Reich der Fantasie, aus dem Schmerz in die Freude zu fliehen – durch das Fenster der Seele, das Auge.&#8220; <sup>Mario Cohen</sup></span></span></p>
</blockquote>

<p>DIE DIGITALFOTOGRAPHIE ERMÖGLICHT UNS NICHT NUR, ERINNERUNGEN FESTZUHALTEN, SONDERN AUCH, WELCHE ZU KREIEREN. James Wayner Klicken Sie auf den unteren Button, um den Inhalt von www.flickr.com zu laden. Inhalt laden Die Photographie erlaubt mir das Anhalten der Zeit und das Erzählen einer Geschichte mit nur einem Bild&#8230;. Sie ist für mich eine Leidenschaft, die mich &hellip; <a href="https://www.prohart.at/index.php/photography/" class="more-link"><span class="screen-reader-text">„Photography“</span> weiterlesen</a></p>
